{"id":68,"date":"2019-07-15T13:35:54","date_gmt":"2019-07-15T13:35:54","guid":{"rendered":"https:\/\/aqua.ciuhct.org\/?page_id=68"},"modified":"2019-11-22T14:39:39","modified_gmt":"2019-11-22T14:39:39","slug":"contact","status":"publish","type":"page","link":"https:\/\/aqua-antigo.ciuhct.org\/?page_id=68","title":{"rendered":"Contact"},"content":{"rendered":"\n<p>Ana Duarte Rodrigues<\/p>\n\n\n\n<figure class=\"wp-block-image\"><img loading=\"lazy\" width=\"256\" height=\"197\" src=\"https:\/\/aqua.ciuhct.org\/wp-content\/uploads\/2019\/07\/duarte-1.jpg\" alt=\"\" class=\"wp-image-101\"\/><\/figure>\n\n\n\n<figure class=\"wp-block-gallery columns-0 is-cropped\"><ul class=\"blocks-gallery-grid\"><\/ul><\/figure>\n\n\n\n<p><\/p>\n\n\n\n<p><strong>Where we are<\/strong><\/p>\n\n\n\n<h6>Centro Interuniversit\u00e1rio de<\/h6>\n\n\n\n<h6>Hist\u00f3ria das Ci\u00eancias e da Tecnologia (CIUHCT)<\/h6>\n\n\n\n<p>Faculade de Ci\u00eancias,&nbsp;Universidade de Lisboa<\/p>\n\n\n\n<p>Building C4, 3rd Floor, 17<\/p>\n\n\n\n<p>Campo Grande<\/p>\n\n\n\n<p>1749-016 Lisboa,&nbsp;Portugal<\/p>\n\n\n\n<p><em>amnrodrigues<\/em>@ciencias.ulisboa.pt <\/p>\n\n\n\n<figure class=\"wp-block-image is-resized\"><img loading=\"lazy\" src=\"https:\/\/aqua.ciuhct.org\/wp-content\/uploads\/2019\/07\/map.jpg\" alt=\"\" class=\"wp-image-136\" width=\"449\" height=\"185\" srcset=\"https:\/\/aqua-antigo.ciuhct.org\/wp-content\/uploads\/2019\/07\/map.jpg 720w, https:\/\/aqua-antigo.ciuhct.org\/wp-content\/uploads\/2019\/07\/map-300x124.jpg 300w\" sizes=\"(max-width: 449px) 100vw, 449px\" \/><\/figure>\n","protected":false},"excerpt":{"rendered":"<p>Ana Duarte Rodrigues Where we are Centro Interuniversit\u00e1rio de Hist\u00f3ria das Ci\u00eancias e da Tecnologia (CIUHCT) Faculade de Ci\u00eancias,&nbsp;Universidade de Lisboa Building C4, 3rd Floor, 17 Campo Grande 1749-016 Lisboa,&nbsp;Portugal amnrodrigues@ciencias.ulisboa.pt<\/p>\n","protected":false},"author":1,"featured_media":0,"parent":0,"menu_order":8,"comment_status":"closed","ping_status":"closed","template":"","meta":[],"_links":{"self":[{"href":"https:\/\/aqua-antigo.ciuhct.org\/index.php?rest_route=\/wp\/v2\/pages\/68"}],"collection":[{"href":"https:\/\/aqua-antigo.ciuhct.org\/index.php?rest_route=\/wp\/v2\/pages"}],"about":[{"href":"https:\/\/aqua-antigo.ciuhct.org\/index.php?rest_route=\/wp\/v2\/types\/page"}],"author":[{"embeddable":true,"href":"https:\/\/aqua-antigo.ciuhct.org\/index.php?rest_route=\/wp\/v2\/users\/1"}],"replies":[{"embeddable":true,"href":"https:\/\/aqua-antigo.ciuhct.org\/index.php?rest_route=%2Fwp%2Fv2%2Fcomments&post=68"}],"version-history":[{"count":10,"href":"https:\/\/aqua-antigo.ciuhct.org\/index.php?rest_route=\/wp\/v2\/pages\/68\/revisions"}],"predecessor-version":[{"id":162,"href":"https:\/\/aqua-antigo.ciuhct.org\/index.php?rest_route=\/wp\/v2\/pages\/68\/revisions\/162"}],"wp:attachment":[{"href":"https:\/\/aqua-antigo.ciuhct.org\/index.php?rest_route=%2Fwp%2Fv2%2Fmedia&parent=68"}],"curies":[{"name":"wp","href":"https:\/\/api.w.org\/{rel}","templated":true}]}}